{"id":342,"date":"2026-01-10T21:56:32","date_gmt":"2026-01-10T20:56:32","guid":{"rendered":"http:\/\/xn--altas-fta.com\/?page_id=342"},"modified":"2026-02-08T19:24:59","modified_gmt":"2026-02-08T18:24:59","slug":"forage-sonic","status":"publish","type":"page","link":"https:\/\/xn--altas-fta.com\/index.php\/forage-sonic\/","title":{"rendered":"forage sonic"},"content":{"rendered":"<div class=\"\" style=\"\" >\n    \n    <section class=\"u-black u-clearfix u-section-2\" id=\"block-1\">\n      <div class=\"u-clearfix u-sheet u-valign-middle u-sheet-1\">\n        <div class=\"data-layout-selected u-clearfix u-expanded-width u-gutter-0 u-layout-wrap u-layout-wrap-1\">\n          <div class=\"u-gutter-0 u-layout\">\n            <div class=\"u-layout-row\">\n              <div class=\"u-size-30 u-size-60-md\">\n                <div class=\"u-layout-col\">\n                  <div class=\"u-align-center u-container-align-center u-container-style u-layout-cell u-left-cell u-size-20 u-layout-cell-1\">\n                    <div class=\"u-container-layout u-valign-middle-lg u-valign-middle-md u-valign-middle-sm u-valign-middle-xs u-container-layout-1\">\n                      <h3 class=\"u-text u-text-1\">Sonic PRS 70&nbsp;<br>\n                        <br>\n                      <\/h3>\n                      <p class=\"u-custom-font u-heading-font u-text u-text-2\"> La foreuse\nsonique PRS 70 (PowerRotoSonic 70) 22K True 150 Hz .&nbsp;Pourquoi utiliser la m\u00e9thode de forage direct quand la technologie\nPowerRotoSonic 150 Hz offre des r\u00e9sultats plus rapides et de meilleure qualit\u00e9.<\/p>\n                    <\/div>\n                  <\/div>\n                  <div class=\"u-container-style u-layout-cell u-left-cell u-size-40 u-layout-cell-2\">\n                    <div class=\"u-container-layout u-valign-top u-container-layout-2\">\n                      <img data-recalc-dims=\"1\" decoding=\"async\" class=\"u-expanded-width-lg u-expanded-width-xl u-image u-image-1\" data-image-width=\"820\" data-image-height=\"541\" src=\"https:\/\/i0.wp.com\/xn--altas-fta.com\/wp-content\/uploads\/2026\/01\/prs_70_product_03_website.webp?w=1140&#038;ssl=1\">\n                    <\/div>\n                  <\/div>\n                <\/div>\n              <\/div>\n              <div class=\"u-size-30 u-size-60-md\">\n                <div class=\"u-layout-col\">\n                  <div class=\"u-container-style u-layout-cell u-right-cell u-size-40 u-layout-cell-3\">\n                    <div class=\"u-container-layout u-valign-bottom-md u-valign-bottom-sm u-valign-bottom-xs u-valign-middle-lg u-valign-top-xl u-container-layout-3\">\n                      <img data-recalc-dims=\"1\" decoding=\"async\" alt=\"\" class=\"u-align-left u-image u-right-0 u-image-2\" data-image-width=\"410\" data-image-height=\"271\" src=\"https:\/\/i0.wp.com\/xn--altas-fta.com\/wp-content\/uploads\/2026\/01\/prs_70_product_04_website.webp?w=1140&#038;ssl=1\">\n                    <\/div>\n                  <\/div>\n                  <div class=\"u-align-center u-container-align-center u-container-style u-layout-cell u-right-cell u-size-20 u-layout-cell-4\">\n                    <div class=\"u-container-layout u-container-layout-4\">\n                      <p class=\"u-custom-font u-heading-font u-text u-text-3\">\n                        <br>Le&nbsp;forage sonique est une\ntechnique innovante qui utilise des vibrations \u00e0 haute fr\u00e9quence pour p\u00e9n\u00e9trer\nles formations g\u00e9ologiques.\nCe proc\u00e9d\u00e9 est tr\u00e8s polyvalent\net offre plusieurs utilit\u00e9s dans divers secteurs :<br>\n                        <br><span style=\"font-size: 2.25rem;\">Champs d'application<\/span>\n                        <br><b><span style=\"font-size: 1.25rem;\">1. <\/span><\/b><span style=\"font-weight: 700;\">La\nforeuse sonique PRS 70<\/span>\n                        <br>&nbsp;(PowerRotoSonic 70) 22K True 150 Hz se distingue par sa\ncapacit\u00e9 \u00e0 regrouper plusieurs forets soniques dans un format compact et facile\n\u00e0 man\u0153uvrer. Pourquoi utiliser la m\u00e9thode de forage direct quand la technologie\nPowerRotoSonic 150 Hz offre des r\u00e9sultats plus rapides et de meilleure qualit\u00e9,\ntout en pr\u00e9servant l'int\u00e9grit\u00e9 des \u00e9chantillons ?\n                      <\/p>\n                    <\/div>\n                  <\/div>\n                <\/div>\n              <\/div>\n            <\/div>\n          <\/div>\n        <\/div>\n      <\/div>\n    <\/section>\n    <section class=\"u-black u-clearfix u-section-3\" id=\"block-2\">\n      <div class=\"u-clearfix u-sheet u-valign-middle u-sheet-1\">\n        <div class=\"custom-expanded data-layout-selected u-clearfix u-gutter-10 u-layout-wrap u-layout-wrap-1\">\n          <div class=\"u-layout\">\n            <div class=\"u-layout-col\">\n              <div class=\"u-size-30\">\n                <div class=\"u-layout-row\">\n                  <div class=\"u-container-style u-image u-layout-cell u-left-cell u-size-30 u-image-1\" src=\"\" data-image-width=\"410\" data-image-height=\"271\" style=\"background-image: url(&quot;https:\/\/xn--altas-fta.com\/wp-content\/uploads\/2026\/01\/prs_70_product_07_website.webp&quot;);\">\n                    <div class=\"u-container-layout u-valign-middle u-container-layout-1\"><\/div>\n                  <\/div>\n                  <div class=\"u-align-center u-container-align-center u-container-style u-layout-cell u-right-cell u-size-30 u-layout-cell-2\">\n                    <div class=\"u-container-layout u-valign-middle-lg u-valign-middle-md u-valign-middle-sm u-valign-middle-xs u-container-layout-2\">\n                      <p class=\"u-custom-font u-heading-font u-text u-text-1\"><span style=\"font-size: 1.25rem;\"><b>2. R\u00e9habilitation de sites\ncontamin\u00e9s<\/b><\/span>\n                        <br>\n                        <br>Rem\u00e9diation: Utile pour forer des puits n\u00e9cessaires \u00e0 la\n     r\u00e9habilitation de sites contamin\u00e9s, notamment pour l\u2019injection ou\n     l\u2019extraction de substances destin\u00e9es au traitement des sols. \n                      <\/p>\n                      <a href=\"\" class=\"u-border-none u-btn u-btn-round u-button-style u-hover-palette-3-base u-palette-2-base u-radius u-btn-1\">en savoir plus&nbsp;<\/a>\n                    <\/div>\n                  <\/div>\n                <\/div>\n              <\/div>\n              <div class=\"u-size-30\">\n                <div class=\"u-layout-row\">\n                  <div class=\"u-align-center u-container-align-center u-container-align-left u-container-style u-layout-cell u-left-cell u-size-30 u-layout-cell-3\">\n                    <div class=\"u-container-layout u-container-layout-3\">\n                      <p class=\"u-custom-font u-heading-font u-text u-text-2\"><span style=\"font-size: 1.25rem;\"><b>3. G\u00e9otechnique et Environnement<\/b><\/span>\n                        <br>\n                        <br>R\u00e9duction des D\u00e9chets et Protection de l\u2019Environnement:<br><b>Moins de Rejets de Forage<\/b>: Le\n      forage sonique g\u00e9n\u00e8re moins de d\u00e9chets de forage (<i>cuttings<\/i>) par\n      rapport \u00e0 d\u2019autres m\u00e9thodes, ce qui permet de r\u00e9duire l\u2019impact\n      environnemental. De plus, la r\u00e9duction des pertes mat\u00e9rielles signifie\n      que plus de l\u2019\u00e9chantillon est bien pr\u00e9serv\u00e9 pour l\u2019analyse.<br>\n                        <br><b>Impact R\u00e9duit sur le Site<\/b>: Le\n      forage Sonique requiert moins de fluides de forage&nbsp;et r\u00e9duit la\n      dispersion de mat\u00e9riaux, ce qui permet de pr\u00e9server l\u2019int\u00e9grit\u00e9 du site\n      de forage, ce qui est particuli\u00e8rement important dans les zones\n      \u00e9cologiquement sensibles ou prot\u00e9g\u00e9es.\n                      <\/p>\n                    <\/div>\n                  <\/div>\n                  <div class=\"u-container-style u-image u-layout-cell u-right-cell u-size-30 u-image-2\" src=\"\" data-image-width=\"410\" data-image-height=\"271\" style=\"background-image: url(&quot;https:\/\/xn--altas-fta.com\/wp-content\/uploads\/2026\/01\/prs_70_product_10_website.webp&quot;);\">\n                    <div class=\"u-container-layout u-valign-middle u-container-layout-4\"><\/div>\n                  <\/div>\n                <\/div>\n              <\/div>\n            <\/div>\n          <\/div>\n        <\/div>\n      <\/div>\n    <\/section>\n    <section class=\"u-align-center-lg u-align-center-md u-align-center-xl u-align-left-sm u-align-left-xs u-black u-clearfix u-section-4\" data-image-width=\"2000\" data-image-height=\"1333\" id=\"block-3\">\n      <div class=\"u-clearfix u-sheet u-valign-middle-lg u-valign-middle-md u-valign-middle-sm u-valign-middle-xs u-sheet-1\">\n        <div class=\"data-layout-selected u-clearfix u-expanded-width u-gutter-10 u-layout-wrap u-layout-wrap-1\">\n          <div class=\"u-gutter-0 u-layout\">\n            <div class=\"u-layout-row\">\n              <div class=\"u-size-20 u-size-30-md\">\n                <div class=\"u-layout-col\">\n                  <div class=\"u-align-center u-container-align-center u-container-align-left u-container-style u-layout-cell u-left-cell u-size-30 u-layout-cell-1\">\n                    <div class=\"u-container-layout u-valign-top-lg u-valign-top-md u-valign-top-sm u-valign-top-xs u-container-layout-1\">\n                      <p class=\"u-custom-font u-heading-font u-text u-text-1\"><b><span style=\"font-size: 1.25rem;\">4. \u00c9tudes de Sol<\/span><\/b><span style=\"font-size: 1rem;\"><span style=\"font-size: 1.25rem;\">:<\/span>\n                          <br>\n                          <br>&nbsp; &nbsp; &nbsp; Utilis\u00e9 pour obtenir des informations pr\u00e9cises sur les caract\u00e9ristiques du\n     sol pour la construction de b\u00e2timents, de ponts, de routes, etc.<br>\n                          <br><b><span style=\"font-size: 1.25rem;\">5. Installations de Puits de Surveillance<\/span><\/b><span style=\"font-size: 1.25rem;\">:&nbsp;<\/span>\n                          <br>\n                          <br>Le forage sonique est souvent utilis\u00e9 pour installer des puits de\n     surveillance de la qualit\u00e9 des eaux souterraines puisqu\u2019il minimise la\n     perturbation des couches de sol.<br>\n                          <br><b><span style=\"font-size: 1.25rem;\">6. \u00c9valuation de la Contamination<\/span><\/b><span style=\"font-size: 1.25rem;\">:<\/span>&nbsp;<br>\n                          <br>Le\n     forage sonique est id\u00e9al pour les enqu\u00eates environnementales car il permet\n     de pr\u00e9lever des \u00e9chantillons pr\u00e9cis pour y analyser la contamination du\n     sol et des eaux souterraines.<\/span>\n                      <\/p>\n                      <p class=\"u-custom-font u-heading-font u-text u-text-2\">\n                        <br><span style=\"font-size: 1.25rem; font-weight: 700;\">7. Aqualock<\/span>\n                        <br>\n                        <br>Les carottages en sols tr\u00e8s\nh\u00e9t\u00e9rog\u00e8nes sont possibles sans tubage gr\u00e2ce \u00e0 l\u2019Aqualock<br> La productivit\u00e9 est accrue&nbsp;: 4 \u00e0 6 fois plus rapide, notamment en\nalluvionnaires<br> Pr\u00e9cision in\u00e9gal\u00e9e des forages&nbsp;: la d\u00e9viation est inf\u00e9rieure \u00e0 1% et les\npr\u00e9l\u00e8vements \u00e0 la profondeur exacte d\u00e9finie<br> La dur\u00e9e de vie des \u00e9quipements (tiges, outils, \u2026) est nettement sup\u00e9rieure aux\nconventionnels<br><!--[if !supportLineBreakNewLine]-->\n                        <br><!--[endif]-->\n                      <\/p>\n                    <\/div>\n                  <\/div>\n                  <div class=\"u-align-center u-container-style u-layout-cell u-left-cell u-size-30 u-layout-cell-2\">\n                    <div class=\"u-container-layout u-valign-top-lg u-valign-top-md u-valign-top-sm u-valign-top-xs u-container-layout-2\">\n                      <img data-recalc-dims=\"1\" decoding=\"async\" class=\"u-image u-image-contain u-image-default u-preserve-proportions u-image-1\" src=\"https:\/\/i0.wp.com\/xn--altas-fta.com\/wp-content\/uploads\/2026\/02\/1770563892961.png?w=1140&#038;ssl=1\" alt=\"\" data-image-width=\"1024\" data-image-height=\"1024\">\n                    <\/div>\n                  <\/div>\n                <\/div>\n              <\/div>\n              <div class=\"u-size-20 u-size-30-md\">\n                <div class=\"u-layout-row\">\n                  <div class=\"u-align-left u-container-align-left u-container-style u-image u-layout-cell u-size-60 u-image-2\" src=\"\" data-image-width=\"900\" data-image-height=\"1200\" style=\"background-image: url(&quot;https:\/\/xn--altas-fta.com\/wp-content\/uploads\/2026\/01\/general-4.jpg&quot;);\">\n                    <div class=\"u-container-layout u-valign-top u-container-layout-3\" src=\"\"><\/div>\n                  <\/div>\n                <\/div>\n              <\/div>\n              <div class=\"u-size-20 u-size-60-md\">\n                <div class=\"u-layout-col\">\n                  <div class=\"u-align-center u-container-align-center u-container-style u-layout-cell u-right-cell u-size-30 u-layout-cell-4\">\n                    <div class=\"u-container-layout u-valign-top-lg u-valign-top-md u-valign-top-sm u-valign-top-xs u-container-layout-4\">\n                      <p class=\"u-custom-font u-heading-font u-text u-text-3\">&nbsp;&nbsp;<br><span style=\"font-size: 1.25rem; font-weight: 700;\">8. conclusion<\/span>&nbsp;<br>\n                        <br>Le forage sonique est donc une technique extr\u00eamement\nutile dans plusieurs domaines gr\u00e2ce \u00e0 sa capacit\u00e9 \u00e0 fournir des \u00e9chantillons de\nhaute qualit\u00e9 et \u00e0 fonctionner efficacement dans des conditions de sol\ndifficiles \n                      <\/p>\n                      <p class=\"u-custom-font u-heading-font u-text u-text-4\"><span style=\"font-weight: 700; font-size: 1.25rem;\">CHAMPS D\u2019APPLICATION<\/span>\n                        <br>\n                        <br>Fondations (Micro-pieux, tirants, pieux,\n     etc\u2026)<br> Sondages minier<br> Forages g\u00e9otechniques<br> Reconnaissance environnementale<br> Forage d\u2019eau et g\u00e9othermie<br> Forage sismique. \n                      <\/p>\n                      <img data-recalc-dims=\"1\" decoding=\"async\" class=\"custom-expanded u-image u-image-default u-image-3\" src=\"https:\/\/i0.wp.com\/xn--altas-fta.com\/wp-content\/uploads\/2026\/01\/minier-2.jpg?w=1140&#038;ssl=1\" alt=\"\" data-image-width=\"1200\" data-image-height=\"875\">\n                    <\/div>\n                  <\/div>\n                  <div class=\"u-align-center u-container-align-center u-container-style u-layout-cell u-right-cell u-size-30 u-layout-cell-5\">\n                    <div class=\"u-container-layout u-valign-top-lg u-valign-top-md u-valign-top-sm u-valign-top-xs u-container-layout-5\">\n                      <a href=\"https:\/\/xn--altas-fta.com\/\" class=\"u-border-none u-btn u-btn-round u-button-style u-hover-palette-3-base u-palette-2-base u-radius u-btn-1\">Home<\/a>\n                    <\/div>\n                  <\/div>\n                <\/div>\n              <\/div>\n            <\/div>\n          <\/div>\n        <\/div>\n      <\/div>\n    <\/section>\n    \n    \n    \n  \n<\/div>","protected":false},"excerpt":{"rendered":"<p>Sonic PRS 70&nbsp; La foreuse sonique PRS 70 (PowerRotoSonic 70) 22K True 150 Hz .&nbsp;Pourquoi utiliser la m\u00e9thode de forage direct quand la technologie PowerRotoSonic 150 Hz offre des r\u00e9sultats plus rapides et de meilleure qualit\u00e9. Le&nbsp;forage sonique est une technique innovante qui utilise des vibrations \u00e0 haute fr\u00e9quence pour p\u00e9n\u00e9trer les formations g\u00e9ologiques. Ce &hellip; <a href=\"https:\/\/xn--altas-fta.com\/index.php\/forage-sonic\/\" class=\"more-link\">Continue reading<span class=\"screen-reader-text\"> \u00ab\u00a0forage sonic\u00a0\u00bb<\/span><\/a><\/p>\n","protected":false},"author":1,"featured_media":4954,"parent":0,"menu_order":2,"comment_status":"closed","ping_status":"closed","template":"","meta":{"footnotes":""},"class_list":["post-342","page","type-page","status-publish","has-post-thumbnail","hentry"],"jetpack_sharing_enabled":true,"_links":{"self":[{"href":"https:\/\/xn--altas-fta.com\/index.php\/wp-json\/wp\/v2\/pages\/342","targetHints":{"allow":["GET"]}}],"collection":[{"href":"https:\/\/xn--altas-fta.com\/index.php\/wp-json\/wp\/v2\/pages"}],"about":[{"href":"https:\/\/xn--altas-fta.com\/index.php\/wp-json\/wp\/v2\/types\/page"}],"author":[{"embeddable":true,"href":"https:\/\/xn--altas-fta.com\/index.php\/wp-json\/wp\/v2\/users\/1"}],"replies":[{"embeddable":true,"href":"https:\/\/xn--altas-fta.com\/index.php\/wp-json\/wp\/v2\/comments?post=342"}],"version-history":[{"count":17,"href":"https:\/\/xn--altas-fta.com\/index.php\/wp-json\/wp\/v2\/pages\/342\/revisions"}],"predecessor-version":[{"id":5016,"href":"https:\/\/xn--altas-fta.com\/index.php\/wp-json\/wp\/v2\/pages\/342\/revisions\/5016"}],"wp:featuredmedia":[{"embeddable":true,"href":"https:\/\/xn--altas-fta.com\/index.php\/wp-json\/wp\/v2\/media\/4954"}],"wp:attachment":[{"href":"https:\/\/xn--altas-fta.com\/index.php\/wp-json\/wp\/v2\/media?parent=342"}],"curies":[{"name":"wp","href":"https:\/\/api.w.org\/{rel}","templated":true}]}}